{"id":8,"date":"2022-04-23T20:16:48","date_gmt":"2022-04-23T20:16:48","guid":{"rendered":"https:\/\/alixarte.com\/?page_id=8"},"modified":"2026-03-06T02:37:14","modified_gmt":"2026-03-06T02:37:14","slug":"biografia","status":"publish","type":"page","link":"https:\/\/alixarte.com\/index.php\/biografia\/","title":{"rendered":"BIOGRAF\u00cdA"},"content":{"rendered":"[vc_row][vc_column][vc_text_separator title=&#8221;Biograf\u00eda de Alix Mendoza&#8221; border_width=&#8221;2&#8243;][\/vc_column][\/vc_row][vc_row][vc_column][vc_images_carousel images=&#8221;31,32,33,34,35,37&#8243; img_size=&#8221;full&#8221; onclick=&#8221;link_no&#8221; speed=&#8221;4000&#8243; slides_per_view=&#8221;2&#8243; autoplay=&#8221;yes&#8221; wrap=&#8221;yes&#8221;][\/vc_column][\/vc_row][vc_row][vc_column width=&#8221;1\/2&#8243;][vc_column_text]\n<p style=\"text-align: justify;\">-En la familia de artistas desde el bisabuelo quien se dedicaba a la carpinter\u00eda,\u00a0 tallando herramientas de madera\u00a0 que son piezas para producir telar de cintura, que las mujeres utilizan com\u00fanmente en nuestra comunidad. Los nietos cuando crecieron fueron form\u00e1ndose a ser arte en la pintura donde aprendieron con otros, uno de ellos era Gil Yojc\u00f3m.<\/p>\n<p style=\"text-align: justify;\">Su padre qui\u00e9n se dedica al cultivo de caf\u00e9 y su madre artesana de telar de cintura, Alix Mendoza como se llamaba su abuelo Naci\u00f3 en San Juan La Laguna, Solol\u00e1. El 21 de febrero de 1990, era un d\u00eda 11 Imox seg\u00fan el calendario maya, los nacidos en el d\u00eda Imox tienen un don de la creatividad y la expresi\u00f3n.\u00a0 En un pueblo pintoresco donde las tradiciones y costumbres no se pierden, muchas de ellas las mantienes en los lienzos, en ellas las generaciones se van nutri\u00e9ndose. Desde los 8 a\u00f1os, la curiosidad de Alix en acercarse en el taller de su t\u00edo quien se esmeraba en mejorar la t\u00e9cnica. Lo que ve\u00eda, iba a compartir con los compa\u00f1eros en clases de arte y con los materiales que se sobraban al finalizar las clases se manchaban y se rayaban. \u00c9l prefer\u00eda que le compraran materiales de arte que ropa o juguetes. En el tiempo libre despu\u00e9s de estudiar se dedicaba a aprender de la t\u00e9cnica del maestro, comenz\u00f3 preparando la materia prima, luego a mezclar los colores y pintar en \u00f3leo. Hasta a\u00f1os despu\u00e9s aprendi\u00f3 a dibujar, junto con su hermano y otros primos con quienes compart\u00edan en un peque\u00f1o taller del maestro.<\/p>\n<p style=\"text-align: justify;\">Despu\u00e9s de secundaria el conocimiento era b\u00e1sico solo pintaba el estilo vista de p\u00e1jaro y el paisaje del Lago Atitl\u00e1n que llega a ser estilos de arte popular. Sus padres quer\u00edan que estudiara para otra profesi\u00f3n, pero la propia voluntad y el apoyo que tuvo del maestro y sus hermanos, era necesario emigrar a la Ciudad de Guatemala para ampliar el conocimiento. En 2005 lleg\u00f3 en la escuela de arte (Escuela Nacional de Artes Pl\u00e1sticas), el conocimiento las t\u00e9cnicas, los estilos estaban m\u00e1s amplios, eso hizo en despertar\u00a0 la creatividad, tres a\u00f1os despu\u00e9s se decide especializarse en la escultura en las diferentes t\u00e9cnicas de modelado y talla de madera y piedra.<\/p>\n<p style=\"text-align: justify;\">Actualmente el ma\u00edz ha sido su principal inspiraci\u00f3n.<\/p>\n[\/vc_column_text][vc_column_text][\/vc_column_text][\/vc_column][vc_column width=&#8221;1\/2&#8243;][vc_single_image image=&#8221;41&#8243; img_size=&#8221;large&#8221;][\/vc_column][\/vc_row][vc_row curly_padding=&#8221;content-padding-none&#8221; css=&#8221;.vc_custom_1650762839007{margin-top: 0px !important;margin-bottom: 0px !important;border-top-width: 0px !important;border-bottom-width: 0px !important;padding-top: 0px !important;padding-bottom: 0px !important;}&#8221; curly_min_height=&#8221;0&#8243;][vc_column][vc_single_image image=&#8221;100&#8243; img_size=&#8221;full&#8221; add_caption=&#8221;yes&#8221; alignment=&#8221;center&#8221; style=&#8221;vc_box_border&#8221;][\/vc_column][\/vc_row]\n","protected":false},"excerpt":{"rendered":"<p>[vc_row][vc_column][vc_text_separator title=&#8221;Biograf\u00eda de Alix Mendoza&#8221; border_width=&#8221;2&#8243;][\/vc_column][\/vc_row][vc_row][vc_column][vc_images_carousel images=&#8221;31,32,33,34,35,37&#8243; img_size=&#8221;full&#8221; onclick=&#8221;link_no&#8221; speed=&#8221;4000&#8243; slides_per_view=&#8221;2&#8243; autoplay=&#8221;yes&#8221; wrap=&#8221;yes&#8221;][\/vc_column][\/vc_row][vc_row][vc_column width=&#8221;1\/2&#8243;][vc_column_text] -En la familia de artistas desde el bisabuelo quien se dedicaba a la carpinter\u00eda,\u00a0 tallando herramientas de madera\u00a0 que son piezas para producir telar de cintura, que las mujeres utilizan com\u00fanmente en nuestra comunidad. Los nietos cuando crecieron fueron form\u00e1ndose a ser arte en la pintura [&hellip;]<\/p>\n","protected":false},"author":1,"featured_media":0,"parent":0,"menu_order":0,"comment_status":"closed","ping_status":"closed","template":"","meta":{"om_disable_all_campaigns":false,"_monsterinsights_skip_tracking":false,"_monsterinsights_sitenote_active":false,"_monsterinsights_sitenote_note":"","_monsterinsights_sitenote_category":0},"aioseo_notices":[],"yoast_head":"<!-- This site is optimized with the Yoast SEO plugin v18.6 - https:\/\/yoast.com\/wordpress\/plugins\/seo\/ -->\n<title>BIOGRAF\u00cdA - ALIX ARTE<\/title>\n<meta name=\"robots\" content=\"index, follow, max-snippet:-1, max-image-preview:large, max-video-preview:-1\" \/>\n<link rel=\"canonical\" href=\"https:\/\/alixarte.com\/index.php\/biografia\/\" \/>\n<meta property=\"og:locale\" content=\"es_ES\" \/>\n<meta property=\"og:type\" content=\"article\" \/>\n<meta property=\"og:title\" content=\"BIOGRAF\u00cdA - ALIX ARTE\" \/>\n<meta property=\"og:description\" content=\"[vc_row][vc_column][vc_text_separator title=&#8221;Biograf\u00eda de Alix Mendoza&#8221; border_width=&#8221;2&#8243;][\/vc_column][\/vc_row][vc_row][vc_column][vc_images_carousel images=&#8221;31,32,33,34,35,37&#8243; img_size=&#8221;full&#8221; onclick=&#8221;link_no&#8221; speed=&#8221;4000&#8243; slides_per_view=&#8221;2&#8243; autoplay=&#8221;yes&#8221; wrap=&#8221;yes&#8221;][\/vc_column][\/vc_row][vc_row][vc_column width=&#8221;1\/2&#8243;][vc_column_text] -En la familia de artistas desde el bisabuelo quien se dedicaba a la carpinter\u00eda,\u00a0 tallando herramientas de madera\u00a0 que son piezas para producir telar de cintura, que las mujeres utilizan com\u00fanmente en nuestra comunidad. Los nietos cuando crecieron fueron form\u00e1ndose a ser arte en la pintura [&hellip;]\" \/>\n<meta property=\"og:url\" content=\"https:\/\/alixarte.com\/index.php\/biografia\/\" \/>\n<meta property=\"og:site_name\" content=\"ALIX ARTE\" \/>\n<meta property=\"article:modified_time\" content=\"2026-03-06T02:37:14+00:00\" \/>\n<meta name=\"twitter:card\" content=\"summary_large_image\" \/>\n<meta name=\"twitter:label1\" content=\"Tiempo de lectura\" \/>\n\t<meta name=\"twitter:data1\" content=\"3 minutos\" \/>\n<script type=\"application\/ld+json\" class=\"yoast-schema-graph\">{\"@context\":\"https:\/\/schema.org\",\"@graph\":[{\"@type\":\"WebSite\",\"@id\":\"https:\/\/alixarte.com\/#website\",\"url\":\"https:\/\/alixarte.com\/\",\"name\":\"ALIX ARTE\",\"description\":\"Galer\u00eda de Arte\",\"potentialAction\":[{\"@type\":\"SearchAction\",\"target\":{\"@type\":\"EntryPoint\",\"urlTemplate\":\"https:\/\/alixarte.com\/?s={search_term_string}\"},\"query-input\":\"required name=search_term_string\"}],\"inLanguage\":\"es\"},{\"@type\":\"WebPage\",\"@id\":\"https:\/\/alixarte.com\/index.php\/biografia\/#webpage\",\"url\":\"https:\/\/alixarte.com\/index.php\/biografia\/\",\"name\":\"BIOGRAF\u00cdA - ALIX ARTE\",\"isPartOf\":{\"@id\":\"https:\/\/alixarte.com\/#website\"},\"datePublished\":\"2022-04-23T20:16:48+00:00\",\"dateModified\":\"2026-03-06T02:37:14+00:00\",\"breadcrumb\":{\"@id\":\"https:\/\/alixarte.com\/index.php\/biografia\/#breadcrumb\"},\"inLanguage\":\"es\",\"potentialAction\":[{\"@type\":\"ReadAction\",\"target\":[\"https:\/\/alixarte.com\/index.php\/biografia\/\"]}]},{\"@type\":\"BreadcrumbList\",\"@id\":\"https:\/\/alixarte.com\/index.php\/biografia\/#breadcrumb\",\"itemListElement\":[{\"@type\":\"ListItem\",\"position\":1,\"name\":\"Portada\",\"item\":\"https:\/\/alixarte.com\/\"},{\"@type\":\"ListItem\",\"position\":2,\"name\":\"BIOGRAF\u00cdA\"}]}]}<\/script>\n<!-- \/ Yoast SEO plugin. -->","yoast_head_json":{"title":"BIOGRAF\u00cdA - ALIX ARTE","robots":{"index":"index","follow":"follow","max-snippet":"max-snippet:-1","max-image-preview":"max-image-preview:large","max-video-preview":"max-video-preview:-1"},"canonical":"https:\/\/alixarte.com\/index.php\/biografia\/","og_locale":"es_ES","og_type":"article","og_title":"BIOGRAF\u00cdA - ALIX ARTE","og_description":"[vc_row][vc_column][vc_text_separator title=&#8221;Biograf\u00eda de Alix Mendoza&#8221; border_width=&#8221;2&#8243;][\/vc_column][\/vc_row][vc_row][vc_column][vc_images_carousel images=&#8221;31,32,33,34,35,37&#8243; img_size=&#8221;full&#8221; onclick=&#8221;link_no&#8221; speed=&#8221;4000&#8243; slides_per_view=&#8221;2&#8243; autoplay=&#8221;yes&#8221; wrap=&#8221;yes&#8221;][\/vc_column][\/vc_row][vc_row][vc_column width=&#8221;1\/2&#8243;][vc_column_text] -En la familia de artistas desde el bisabuelo quien se dedicaba a la carpinter\u00eda,\u00a0 tallando herramientas de madera\u00a0 que son piezas para producir telar de cintura, que las mujeres utilizan com\u00fanmente en nuestra comunidad. Los nietos cuando crecieron fueron form\u00e1ndose a ser arte en la pintura [&hellip;]","og_url":"https:\/\/alixarte.com\/index.php\/biografia\/","og_site_name":"ALIX ARTE","article_modified_time":"2026-03-06T02:37:14+00:00","twitter_card":"summary_large_image","twitter_misc":{"Tiempo de lectura":"3 minutos"},"schema":{"@context":"https:\/\/schema.org","@graph":[{"@type":"WebSite","@id":"https:\/\/alixarte.com\/#website","url":"https:\/\/alixarte.com\/","name":"ALIX ARTE","description":"Galer\u00eda de Arte","potentialAction":[{"@type":"SearchAction","target":{"@type":"EntryPoint","urlTemplate":"https:\/\/alixarte.com\/?s={search_term_string}"},"query-input":"required name=search_term_string"}],"inLanguage":"es"},{"@type":"WebPage","@id":"https:\/\/alixarte.com\/index.php\/biografia\/#webpage","url":"https:\/\/alixarte.com\/index.php\/biografia\/","name":"BIOGRAF\u00cdA - ALIX ARTE","isPartOf":{"@id":"https:\/\/alixarte.com\/#website"},"datePublished":"2022-04-23T20:16:48+00:00","dateModified":"2026-03-06T02:37:14+00:00","breadcrumb":{"@id":"https:\/\/alixarte.com\/index.php\/biografia\/#breadcrumb"},"inLanguage":"es","potentialAction":[{"@type":"ReadAction","target":["https:\/\/alixarte.com\/index.php\/biografia\/"]}]},{"@type":"BreadcrumbList","@id":"https:\/\/alixarte.com\/index.php\/biografia\/#breadcrumb","itemListElement":[{"@type":"ListItem","position":1,"name":"Portada","item":"https:\/\/alixarte.com\/"},{"@type":"ListItem","position":2,"name":"BIOGRAF\u00cdA"}]}]}},"jetpack-related-posts":[{"id":10,"url":"https:\/\/alixarte.com\/index.php\/coleccion\/","url_meta":{"origin":8,"position":0},"title":"Colecci\u00f3n","date":"23 de abril de 2022","format":false,"excerpt":"[vc_row][vc_column][vc_column_text] [\/vc_column_text][vc_column_text] EXPLORE NUESTRA [\/vc_column_text][vc_column_text] COLECCI\u00d3N [\/vc_column_text][\/vc_column][\/vc_row][vc_row][vc_column width=\"1\/4\"][vc_single_image image=\"193\" img_size=\"medium\" add_caption=\"yes\" alignment=\"center\"][vc_column_text css_animation=\"none\"] T\u00edtulo: Guatemaya Artista: Alix Mendoza T\u00e9cnica: \u00a0Acr\u00edlica \u2013 Lienzo Dimensiones: 51 X 174 Cm A\u00f1o: 2021 [\/vc_column_text][\/vc_column][vc_column width=\"1\/4\"][vc_single_image image=\"190\" img_size=\"medium\" alignment=\"center\"][vc_column_text] T\u00edtulo: Abuela Ma\u00edz Artista: Alix Mendoza T\u00e9cnica: Oleo \u2013 Tela Dimensiones: 173 X 51 Cm A\u00f1o:\u2026","rel":"","context":"Entrada similar","img":{"alt_text":"","src":"","width":0,"height":0},"classes":[]},{"id":9,"url":"https:\/\/alixarte.com\/index.php\/galeria\/","url_meta":{"origin":8,"position":1},"title":"Galer\u00eda","date":"23 de abril de 2022","format":false,"excerpt":"[vc_row][vc_column css_animation=\"fadeIn\"][vc_gallery type=\"image_grid\" images=\"61,62,63,64,65,66,67,68,69,70,71,72,73,74,75,76,77,78\" img_size=\"medium\" css_animation=\"bounceIn\" css=\".vc_custom_1650835043933{padding-top: 0px !important;padding-right: 0px !important;padding-bottom: 0px !important;padding-left: 0px !important;}\"][\/vc_column][\/vc_row]","rel":"","context":"Entrada similar","img":{"alt_text":"","src":"","width":0,"height":0},"classes":[]},{"id":174,"url":"https:\/\/alixarte.com\/index.php\/tienda\/","url_meta":{"origin":8,"position":2},"title":"Tienda","date":"24 de abril de 2022","format":false,"excerpt":"","rel":"","context":"Entrada similar","img":{"alt_text":"","src":"","width":0,"height":0},"classes":[]},{"id":175,"url":"https:\/\/alixarte.com\/index.php\/carrito\/","url_meta":{"origin":8,"position":3},"title":"Carrito","date":"24 de abril de 2022","format":false,"excerpt":"","rel":"","context":"Entrada similar","img":{"alt_text":"","src":"","width":0,"height":0},"classes":[]},{"id":177,"url":"https:\/\/alixarte.com\/index.php\/mi-cuenta\/","url_meta":{"origin":8,"position":4},"title":"Mi cuenta","date":"24 de abril de 2022","format":false,"excerpt":"","rel":"","context":"Entrada similar","img":{"alt_text":"","src":"","width":0,"height":0},"classes":[]},{"id":176,"url":"https:\/\/alixarte.com\/index.php\/finalizar-compra\/","url_meta":{"origin":8,"position":5},"title":"Finalizar compra","date":"24 de abril de 2022","format":false,"excerpt":"","rel":"","context":"Entrada similar","img":{"alt_text":"","src":"","width":0,"height":0},"classes":[]}],"_links":{"self":[{"href":"https:\/\/alixarte.com\/index.php\/wp-json\/wp\/v2\/pages\/8"}],"collection":[{"href":"https:\/\/alixarte.com\/index.php\/wp-json\/wp\/v2\/pages"}],"about":[{"href":"https:\/\/alixarte.com\/index.php\/wp-json\/wp\/v2\/types\/page"}],"author":[{"embeddable":true,"href":"https:\/\/alixarte.com\/index.php\/wp-json\/wp\/v2\/users\/1"}],"replies":[{"embeddable":true,"href":"https:\/\/alixarte.com\/index.php\/wp-json\/wp\/v2\/comments?post=8"}],"version-history":[{"count":19,"href":"https:\/\/alixarte.com\/index.php\/wp-json\/wp\/v2\/pages\/8\/revisions"}],"predecessor-version":[{"id":373,"href":"https:\/\/alixarte.com\/index.php\/wp-json\/wp\/v2\/pages\/8\/revisions\/373"}],"wp:attachment":[{"href":"https:\/\/alixarte.com\/index.php\/wp-json\/wp\/v2\/media?parent=8"}],"curies":[{"name":"wp","href":"https:\/\/api.w.org\/{rel}","templated":true}]}}